2 - 35 + 3*r. Let v be w(-15). Suppose -v = -p - 21. List the prime factors of p.
2
Let c be (-205)/(-65) + 2/(-13). Suppose 5*q = 3*g - 133, -q + 119 = c*g + q. What are the prime factors of g?
41
Suppose 6*c - 152 = 814. Let h = 63 + c. What are the prime factors of h?
2, 7
Let n(b) = -b**3 + 9*b**2 + 21*b - 17. Let o be n(13). List the prime factors of 7*36/o + 4368/5.
3, 97
Let g(f) = f**3 + 10*f**2 + 12*f + 2. Let c be g(-8). Let i = 35 + -18. Let l = c - i. What are the prime factors of l?
17
Suppose 2*p + 261 - 35 = 0. Let t = 351 + p. Let m = 421 - t. List the prime factors of m.
3, 61
Suppose -5409*f + 82770 = -5394*f. What are the prime factors of f?
2, 31, 89
Suppose 5*y + 0*y = -35. Let q(u) = u**2 + 7*u. Let r be q(y). Suppose 32 = m - 2*l, 0 = -3*m + 3*l - r*l + 90. What are the prime factors of m?
2, 7
What are the prime factors of (-263 + 47290)/(2/(0 - -2))?
31, 37, 41
Let h(b) = -b**3 + 5*b**2 - 5*b + 10. Let j be h(2). Suppose j*o - 3976 = 4472. What are the prime factors of o?
2, 11
Suppose -3*z - 5*x - 36 = z, 0 = 2*x + 8. Let s(n) = -n - 4. Let a be s(z). List the prime factors of a*3/6 + (10 - -1).
11
Let p = -23 + 26. Suppose p*s + 21 = 6*s. List the prime factors of s/(21/9) + 96.
3, 11
Suppose -101*d + 6872 = g - 100*d, 0 = 2*d + 6. List the prime factors of g.
5, 11
Let s(j) = -j**3 + 57*j**2 + 29*j - 37. List the prime factors of s(55).
2, 3, 317
Suppose 0 = -2*x + 76351 - 47771. What are the prime factors of x?
2, 5, 1429
Let n = 30413 + -18670. List the prime factors of n.
11743
Let m(k) = -4*k**2 - 28*k - 14. Let o be m(-6). What are the prime factors of (-1373)/(-2) + o/20?
3, 229
Suppose -4*h + 4*m + 12 = -m, 3*m = 5*h - 28. Let i(f) = 12*f - 26. Let d be i(h). Suppose g - d = 5. What are the prime factors of g?
3, 5
Let g(t) = 99*t. Let z be g(7). Let h = -401 + z. List the prime factors of h.
2, 73
Suppose 25 = -19*h + 2324. Let n = -115 + h. What are the prime factors of n?
2, 3
Suppose -112 = -4*u - 100. List the prime factors of (0 - -4 - 40)/(u/(-56)).
2, 3, 7
Suppose 3*p = 2*w + 5800, -4129 = -4*p - 2*w + 3595. What are the prime factors of p?
2, 3, 7, 23
Let t(l) = -6*l**2 - 245*l + 57. What are the prime factors of t(-37)?
2, 227
List the prime factors of 11981307/2457 + 1/(-9) - (-4)/(-14).
2, 23, 53
Suppose 7*s - 603603 = -92*s. What are the prime factors of s?
7, 13, 67
Let j = 4323 - -2499. What are the prime factors of j?
2, 3, 379
Let b(m) = 32853*m**2 - 69*m - 70. What are the prime factors of b(-1)?
2, 43, 191
Suppose -5*m = -2*m - 5*f - 100, -2*m + 71 = f. Suppose 8*z + m - 1691 = 0. What are the prime factors of z?
3, 23
Let h be 1/(-6) + ((-3387)/(-18) - -4). Suppose 244 = 6*v - 4*v. Suppose v = -b + h. What are the prime factors of b?
2, 5, 7
Suppose 4*n = -v + 7105, 2857 = 2*n + v - 694. What are the prime factors of n?
1777
Let n = 4984 + -3267. Suppose -b - 5*a = -259, 0 = 5*b + 2*a - n + 445. List the prime factors of b.
2, 127
Suppose 5805 = 14*z - 1377. Let i = -199 + z. List the prime factors of i.
2, 157
Suppose 2*m + 1020 = w - 0*w, 0 = -m + w - 512. Let c = m + 809. What are the prime factors of c?
7, 43
Let t = -27520 + 41052. List the prime factors of t.
2, 17, 199
Let s be (-2 + 250)/(-1 - -3). Let f be s + (-4)/8*-2. Let j = f + -55. List the prime factors of j.
2, 5, 7
Suppose 1075*t - 1084*t = -7344. Suppose 3*q + 0*g - g = 15, 20 = 4*q + 4*g. Suppose q*c - 3*a = t, 4*c + 287 = 4*a + 943. What are the prime factors of c?
2, 3
Let c be 96/128 + 74/8. Let f(p) = -p**2 + 19*p - 25. What are the prime factors of f(c)?
5, 13
Suppose 30*p + 364 = -22*p. Let v(x) = 9*x**2 + 11*x + 43. What are the prime factors of v(p)?
11, 37
Suppose -9*p + 5*p + 53336 = r, -2*r = 0. What are the prime factors of p?
2, 59, 113
Let a = 4384 + -2471. List the prime factors of a.
1913
List the prime factors of 4/6 + (-1329228)/(-54) + -21.
5, 4919
Let z(g) = -6*g + 2*g + 8 + 4 - 8. Let s be z(0). Suppose -l - l + s*n + 284 = 0, 3*n = 2*l - 280. What are the prime factors of l?
2, 67
List the prime factors of ((-48316)/(-28) - 1)*((-142)/(-4) - 4).
2, 3, 503
Suppose 2*w = -4*m + 12568, 55*m = 58*m + 3. List the prime factors of w.
2, 7, 449
Let k be 23/(-7) + 4/14 + -88. Let y = -86 - k. Suppose 0 = -y*g + 182 - 12. What are the prime factors of g?
2, 17
Let j(k) = 6*k**2 - k + 11. Let y(n) = 7*n**2 - n + 12. Let h(t) = 3*j(t) - 2*y(t). Let u be h(5). Let x = -61 + u. List the prime factors of x.
43
Let z(n) = -15*n**2 + 3 - 62*n**2 - 3*n + 135*n**2. Let r be z(1). Suppose 53*u - r*u = -795. List the prime factors of u.
3, 53
Suppose 157 - 8644 = -3*v. Suppose 251 + v = 4*c. Suppose c = 29*r - 24*r. What are the prime factors of r?
2, 7, 11
Suppose 5*o + 1284 = 2*s, 10*o = 11*o. Suppose -s = -9*n + 1653. List the prime factors of n.
3, 5, 17
Let l = -166 + 168. Suppose 5*v + 3*h - 3919 = 0, -3*v - l*h + 3*h = -2343. What are the prime factors of v?
2, 17, 23
What are the prime factors of 84558/30 - (-18)/(-10)*1/3?
2, 1409
List the prime factors of (336 - -1)/(23/1357).
59, 337
Let d(m) = -m**3 + 4. Let t be d(0). Suppose -4*o + 4*i = t, -5 = o - 5*i + 8. Suppose o*j - 65 = 97. What are the prime factors of j?
3
Suppose -23*b - 1629216 = -23*b - 24*b. What are the prime factors of b?
2, 3, 5657
Suppose -2*c - 4*z + 262 = 0, 4*c - 3*c = 5*z + 124. What are the prime factors of c + 4 + -3*(-12)/9?
137
Suppose -19*x + 115 = -24*x. Let l = 29 + x. List the prime factors of (336/35)/(l/20).
2
Let v(m) = -738*m - 83. What are the prime factors of v(-26)?
5, 3821
Let z(u) = 3*u**2 + 9*u + 56. Let d be z(10). Suppose -3*g = -d - 511. List the prime factors of g.
11, 29
Let h be 3 + (-3 + (-1905)/6)*2. Let m = 1447 + h. List the prime factors of m.
809
Suppose 54*f = 38*f - 288. What are the prime factors of f/108 + (-5978)/(-12)?
2, 3, 83
Let w be (-90)/27*132/(-55). Suppose 4*l = -0*l. Suppose -w = -4*u - l*u. List the prime factors of u.
2
Suppose -2*w = -2*j + 2277 + 8481, -3*j - 4*w = -16179. List the prime factors of j.
3, 5, 359
Let p = -31 + 776. Suppose 5*q - 890 = p. What are the prime factors of q?
3, 109
Suppose -4*n - 24 = 0, z - 6*z + 40262 = -2*n. List the prime factors of z.
2, 5, 7, 23
Let o(i) = -820*i - 153. What are the prime factors of o(-1)?
23, 29
Let r(m) = 7*m**2 - 226*m - 125. What are the prime factors of r(-28)?
3, 433
Let p = -8263 - -16054. What are the prime factors of p?
3, 7, 53
Suppose -5*d + 4*n = -0*n - 19, 5*n - 7 = -4*d. Suppose -5*i = -5*t - 110, -d*t = -7*t + i - 76. Let p = 68 - t. List the prime factors of p.
2, 43
List the prime factors of 5405374/247 - -36 - 2/19.
2, 5, 137
Suppose 17*t + 6 = 19*t. Suppose 4*s + 43 = t. Let r = s + 162. List the prime factors of r.
2, 19
Suppose 14 = -2*s + 12, -s + 419 = -3*v. List the prime factors of -118*(-14)/(-3)*315/v.
3, 7, 59
Let a = 32138 + -22775. List the prime factors of a.
3, 3121
Let h = 81 + -84. What are the prime factors of 136/h*(7 + (-51)/6)?
2, 17
Let k be (-2)/8 - (-45)/4. Suppose 0 = 7*x - 1692 + 1552. Suppose -k*s = -12*s + x. List the prime factors of s.
2, 5
List the prime factors of (5 - (-150)/42) + 12/(-21) - -45069.
45077
Let u = 10 - 13. Let s be -4 + 10/1 + u. Suppose -21 = -2*l - s*d, -4*l - 3*d + 7*d = 8. What are the prime factors of l?
3
Let u(i) = -11*i + 5. Let m be u(-7). Let k = 353 - m. Suppose 0 = 5*c - 2*g - 575, -3*c + k = -g - 75. List the prime factors of c.
3, 13
Let c = -1741 - -2429. List the prime factors of c.
2, 43
Let w = 2473 + -2597. Suppose -591 = -n + 4*n. Let z = w - n. List the prime factors of z.
73
Suppose -5*z + 5*n + 7 = n, -4*n = -8. Suppose 0 = -2*c - 2*h + 661 + 849, c - z*h - 751 = 0. List the prime factors of c.
2, 13, 29
Let z(h) = -22*h - 55. Let x = -85 + 87. Suppose -3*k - 28 = 2*y, y - 4*y - 16 = -x*k. List the prime factors of z(y).
11
Let x = 22 - 17. Suppose i + 20 = x*w, -14 = -3*w - 4*i + 5*i. Suppose 0 = w*u - m - 114, 2*u - 22 - 54 = -4*m. What are the prime factors of u?
2, 19
Let q be (-5 - -3)*-5*39/6. Let u be 14310/q - ((-6)/13)/(-3). Suppose 0 = -o - o + u. What are the prime factors of o?
2, 5, 11
Suppose -7*d + 20*d = -962. Let i(w) = 21*w - 2. Let r be i(6). Let k = d + r. What are the prime factors of k?
2, 5
Let v = -127 + 571. Let l = 111